0.
23
Let o(m) = -2*m**3 - 8*m**2 + 1. Let b(p) = -p**2 - p + 1. Let w(a) = -3*b(a) + o(a). What are the prime factors of w(-4)?
2, 17
Suppose -8*p = -3*p + 90. Let i be (-1521)/(-81) + (-4)/p. List the prime factors of -2*i*7/(-14).
19
Let f(k) = -k + 15 - 7 + 11. Let o be f(14). What are the prime factors of (-2)/o + (-364)/(-35)?
2, 5
List the prime factors of (8/(-112)*-7)/((-1)/(-74)).
37
Suppose -4*s - g = -137, -s + 50 = g + 18. Suppose -v - v - 19 = -l, l + 2*v = s. Suppose -3*z - l + 102 = 0. What are the prime factors of z?
5
Let o(m) = -3*m**3 + m - 2. Let b be o(-2). Let u = b + -7. What are the prime factors of u?
13
Let j = -57 - -2. What are the prime factors of (-4 - -1)/3*j?
5, 11
Let v = -34 - -37. Suppose -v*j - 3 + 471 = 0. List the prime factors of j.
2, 3, 13
Let x(z) = -z**2 - 4*z - 1. Let j(y) = y**3 - 4*y - 3. Let h be j(-2). Let d be x(h). List the prime factors of 1/(-2)*(-60)/d.
3, 5
What are the prime factors of (-291)/((378/245)/(-18))?
5, 7, 97
Suppose -4*d - d + 2*b = -5433, -4*d + 4343 = -5*b. List the prime factors of d.
1087
Let h be 8/(-40) - 63/(-15). Suppose 2*s - h*i - 74 = 0, 7*s - 2*s + i = 174. Suppose 3*w + 2*w = s. List the prime factors of w.
7
Let u(r) = 2. Let d(z) = -z. Let y(o) = 12*d(o) - u(o). What are the prime factors of y(-10)?
2, 59
Let x = -2275 + 3637. List the prime factors of x.
2, 3, 227
Let j(a) = -3*a + 71. List the prime factors of j(10).
41
Suppose 4 = -2*x + 4*h - 6, 0 = -3*x + h - 5. Let v(i) = -i**3 + 8*i**2 + 4. Let y be v(8). What are the prime factors of (-50)/(-1) - y - x?
47
List the prime factors of -271*(-26)/12 + (-10)/60.
587
Let f(g) = 8 - 5*g**2 + 0*g**2 + 8*g**2 + 5*g + 3*g. Let s be f(-7). What are the prime factors of 1/(1 + (-96)/s)?
3, 11
Let x = -18 + -14. Let p = 89 + x. Let s = p + -33. What are the prime factors of s?
2, 3
Suppose -5*n + 9*j = 10*j - 1642, 3*n + 4*j - 992 = 0. What are the prime factors of n?
2, 41
Let q(o) = 15*o + 256. What are the prime factors of q(0)?
2
Let g(t) = 2*t**2 - 2. Let h be g(2). Let k = h + -6. Suppose k = -4*j + 8*j - 92. What are the prime factors of j?
23
Let h be 1 + 7 + (8 - 8). Let d(j) be the first derivative of -j**4/4 + 8*j**3/3 + 3*j**2 + 10*j + 1. What are the prime factors of d(h)?
2, 29
Suppose 0 = -k - 2*k + 30. Let x(a) be the second derivative of -a**4/12 + 13*a**3/6 - 5*a**2/2 + 6*a. List the prime factors of x(k).
5
Let o = 14 + 25. Let b(v) = -v**2 - 3*v + 4. Let x be b(-3). Suppose x*a - 5 = o. List the prime factors of a.
11
Let m(l) = 99*l**2 + 9*l - 3. What are the prime factors of m(3)?
3, 5, 61
List the prime factors of (-2)/(-3) - (-89012)/51.
2, 3, 97
Suppose 8*i - 7270 - 1098 = 0. List the prime factors of i.
2, 523
Suppose 0 = -d - 3, 0 = -5*w - 4*d - d + 5745. List the prime factors of w.
2, 3
Suppose -r - 152 = -9*r. Suppose r*w - 26*w + 1918 = 0. List the prime factors of w.
2, 137
Suppose 5*s + 118 = -3*i, -4*i - 2 = -s + 186. Let v = 82 + i. List the prime factors of v.
2, 3
Let c(s) = 9*s**2 - s - 7. Let h(f) = -8*f**2 + f + 6. Let q(w) = -6*c(w) - 7*h(w). Let r be q(-1). Suppose r + 22 = u. List the prime factors of u.
5
Let k(i) = -2*i - 40. Let b be k(-22). Let d(q) be the first derivative of 3*q**2 + 4*q + 2. What are the prime factors of d(b)?
2, 7
Let o be 8 + (-16)/4 + 101. Suppose 4*h - 3*h - o = 0. What are the prime factors of h?
3, 5, 7
Suppose 3*x = 30*m - 34*m + 3032, -4*x = m - 4060. List the prime factors of x.
2, 127
Suppose -p = 2*r - 14, -4*p + 6*r - 3*r + 23 = 0. Suppose -306 = -p*k + 6*k. What are the prime factors of k?
3, 17
Suppose 0 = -45*g + 3*g + 63210. List the prime factors of g.
5, 7, 43
Suppose 0*h - 4 = h - 2*u, -u - 4 = -2*h. Suppose 15 = -h*o + 7*o. Suppose -o*t + 8*g - 4*g + 41 = 0, 4*t = 2*g + 34. List the prime factors of t.
3
Suppose 76 = -0*m + 2*m - 3*f, -2*m + 4*f = -78. List the prime factors of m + -1 + -1 + (-3)/(-1).
2, 3
Let k be ((3 - 2) + -2)*9. Suppose 5*a - 30 = 2*v, -2*v = -2*a + 24 - 6. What are the prime factors of k/1*(-5 + a)?
3
Suppose 5*u - r - 1969 = 0, 15*r - 778 = -2*u + 13*r. List the prime factors of u.
3, 131
Let v = 328 - 633. Suppose -x = -2*x. What are the prime factors of (-1)/(x + 5/v)?
61
Let a be 22 - (4 + -4 + 2). List the prime factors of ((-55)/a*-4)/(3 + -2).
11
Suppose 4*i = 1057 + 1259. What are the prime factors of i?
3, 193
Let q(w) be the second derivative of -w**4/12 - 11*w**3/6 - 4*w**2 + 6*w. List the prime factors of q(-8).
2
Suppose -5*p = 6*g - 3*g - 38, 2*p = 5*g - 84. Suppose s = -x + 3 + 1, -2*x + g = 3*s. What are the prime factors of 78/s + 11/44?
2, 5
Let i = -110 + 114. Suppose -i*a + 207 = 8*z - 3*z, 0 = -2*z - 2*a + 84. List the prime factors of z.
3, 13
Suppose -w - 4 = -5*w + 3*f, -4*w + 4 = -2*f. Let s = 8 - w. List the prime factors of (-2)/7 + 198/s.
2, 7
Let m(a) = 4*a**2 - 4*a + 6. Suppose 0 = -4*l + 4*r - 8, 5*l - 3*r - 5 = -r. Let j be m(l). Suppose -345 = -5*f - j. What are the prime factors of f?
3, 7
Let l = -395 + 1335. What are the prime factors of l?
2, 5, 47
Suppose w = -3*f + 6*w + 7, 3*f + 2*w - 14 = 0. Suppose 7 = f*m - 121. What are the prime factors of m?
2
Let z(x) = x**3 + 17*x**2 + 16*x + 15. What are the prime factors of z(-9)?
3, 173
Suppose -349 = -6*y + 575. Let k = y + -48. List the prime factors of k.
2, 53
Let s = -663 - -1334. What are the prime factors of s?
11, 61
Let p(m) = 2215*m**3 + m**2 - 6*m + 5. What are the prime factors of p(1)?
5, 443
Suppose -4*w = 5*t, 3*w + t - 11 = -0*w. Suppose 0 = w*c + s - 277, 4*s + s - 41 = -c. List the prime factors of c.
2, 7
Let m = -27 + 63. Let u = 75 - m. What are the prime factors of u?
3, 13
What are the prime factors of -2 - (-24)/(-36)*-3957?
2, 659
Let f(w) = 4*w**2 - 27*w + 37. List the prime factors of f(-16).
1493
Let h = -48 + 26. Let d = 53 + h. List the prime factors of d.
31
Let u be (-150)/(-40) + (-3)/4. Suppose -u*c - 587 = -8*c + 2*h, -2*c + 258 = 5*h. What are the prime factors of c?
7, 17
Suppose -3*a - 19 = -1. List the prime factors of 45/a*(-108)/10.
3
Suppose -5*z + 2*z = -6. Suppose c - 2 = -2*k - 8, 2*c - 6 = 2*k. Suppose c*w = z*w - 42. What are the prime factors of w?
3, 7
Let j = 342 + -226. What are the prime factors of 2/(-18)*-1478 - j/522?
2, 41
Suppose -q + 1 = -m, 0 = 3*q - 0*m - 4*m - 4. Suppose q = 2*s - 4*s + 6. Suppose -4*z - 16 = 0, 3*k + s*z + 1 - 28 = 0. List the prime factors of k.
13
Suppose -4*z + 30 = -42. Suppose -100 = -b - z. List the prime factors of b.
2, 41
Let z(h) = -58*h - 197. List the prime factors of z(-12).
499
Let h = 31 - 29. Suppose h*j + 78 = 2*t, -4*t - 5*j + 93 = -90. List the prime factors of t.
2, 3, 7
Suppose 24 = 4*q - 2*k, 2*k + 6 = q - 0*q. Let r be q/2*(-2)/(-3). Suppose -2*s + 2*t + 52 = -r*t, -3*s + 113 = t. List the prime factors of s.
2, 3
Suppose -82 = -4*h - 14. Suppose -i - u = 4*i - 5, -5*u = 4*i + h. Suppose -3*d - i*m + 114 - 9 = 0, -80 = -2*d + 2*m. What are the prime factors of d?
37
Let d(p) = 94*p**3 - 29*p**2 + 2*p + 1. What are the prime factors of d(3)?
2, 571
Let c(j) = 4*j**2 + 9*j + 66. What are the prime factors of c(17)?
5, 11
Let u = 202 + -18. Suppose 0 = 12*z - 14*z + u. List the prime factors of z.
2, 23
Let q(l) = -4*l**3 - 8*l**2 + 3*l + 6. Let c(s) = 3*s**3 + 7*s**2 - 3*s - 5. Let p(u) = -3*c(u) - 2*q(u). List the prime factors of p(-7).
2, 5
Let w(d) = d**3 + 8*d**2 - d - 8. Let b = -6 - 2. Let q be w(b). Suppose -4*r + 80 = -q*r. What are the prime factors of r?
2, 5
Let l(x) = -7*x + 7. Let c(a) = -a**2 - a + 1. Suppose 5*z = -5*r - 5, 5*z - 3 = -2*r - 5. Let t(i) = r*l(i) + c(i). List the prime factors of t(3).
3
Suppose 0 = 3*p + 56 + 46. Let t = p - -56. Suppose o + 0 = t. List the prime factors of o.
2, 11
Let y be ((-795)/(-4))/(-5)*-4. Suppose 3*c = 87 + y. What are the prime factors of c?
2, 41
Let p = 1197 - -865. Let d be (-26)/91 - p/(-14). Suppose -4*l + d + 1 = 0. What are the prime factors of l?
37
Let m = 112 + -47. Suppose h - m = 48. What are the prime factors of h?
113
Let d(c) = c**3 - 17*c**2 + 17*c + 79. List the prime factors of d(18).
709
Let n = 25 + -23. List the prime factors of (n/4)/((-3)/(-312)).
2, 13
Let d be 6/18 - (-292)/(-3). Let k = 408 + d. List the prime factors of k.
311
Let g(h) = -